ase 4) in base 8?
-5450
Convert 5811 (base 10) to base 12.
3443
What is -4644 (base 9) in base 2?
-110101110010
-207a (base 12) to base 3
-11212111
What is 181 (base 13) in base 15?
134
What is 1040 (base 10) in base 12?
728
20220 (base 7) to base 15
16c9
-1963 (base 11) to base 15
-b0e
121022 (base 3) to base 4
12320
Convert -24544 (base 6) to base 5.
-104124
-676 (base 13) to base 2
-10001010111
What is -4a77 (base 13) in base 10?
-10576
30100 (base 9) to base 8
46464
-1f3b (base 16) to base 14
-2cb1
What is -23b (base 15) in base 13?
-2cc
Convert -1010111011101000 (base 2) to base 3.
-2021102101
What is 112120 (base 3) in base 8?
611
Convert -2e06 (base 16) to base 6.
-130314
What is -1bc (base 14) in base 11?
-2aa
What is -1490 (base 13) in base 16?
-bae
Convert -3630 (base 9) to base 11.
-2035
3430 (base 7) to base 13
74b
Convert -210342 (base 5) to base 13.
-3234
32500 (base 7) to base 8
17706
Convert 106 (base 10) to base 9.
127
What is 13243 (base 5) in base 15?
4b8
Convert -9a64 (base 16) to base 14.
-10592
What is 130310 (base 5) in base 16?
13d8
Convert -24333 (base 6) to base 15.
-10e0
What is 426 (base 16) in base 9?
1410
Convert -205 (base 6) to base 12.
-65
-202230 (base 4) to base 13
-101a
-b5d (base 15) to base 13
-1222
Convert 219 (base 13) to base 8.
550
Convert 6108 (base 11) to base 10.
8115
What is -203532 (base 6) in base 16?
-4010
What is -763 (base 9) in base 15?
-2b9
What is -59a7 (base 14) in base 13?
-7165
What is -2099 (base 16) in base 11?
-62a7
Convert 20566 (base 9) to base 6.
142523
-17416 (base 9) to base 13
-5604
What is 659 (base 10) in base 15?
2de
-122 (base 15) to base 7
-515
-101001011 (base 2) to base 13
-1c6
Convert 102100120 (base 3) to base 2.
10000001010101
What is -425a (base 11) in base 15?
-1a06
Convert 694 (base 13) to base 3.
1120001
81 (base 13) to base 7
210
Convert 8740 (base 11) to base 3.
120211101
What is 110110111001001 (base 2) in base 11?
1a130
Convert 5027 (base 8) to base 2.
101000010111
Convert 73735 (base 8) to base 10.
30685
What is -15c30 (base 14) in base 5?
-3221110
15733 (base 10) to base 11
10903
6a (base 15) to base 6
244
-1001000111 (base 2) to base 5
-4313
What is -30768 (base 9) in base 16?
-4f58
4121 (base 7) to base 8
2634
Convert -1302113 (base 5) to base 4.
-12023003
-45 (base 8) to base 7
-52
What is -592 (base 13) in base 4?
-33010
What is -45b8 (base 15) in base 3?
-202022002
Convert 1c91 (base 13) to base 4.
1003313
100121 (base 3) to base 8
403
-50b (base 12) to base 5
-10411
Convert -225540 (base 7) to base 5.
-2243104
What is 1 (base 7) in base 12?
1
-35c (base 14) to base 5
-10140
-2212211 (base 3) to base 14
-aa1
11011000111 (base 2) to base 3
2101021
1102111 (base 3) to base 4
100033
What is -4f6 (base 16) in base 7?
-3463
Convert 30424 (base 5) to base 11.
1549
What is 365 (base 9) in base 7?
611
What is 1206 (base 11) in base 15?
704
278 (base 12) to base 14
1d2
What is -8448 (base 12) in base 3?
-201211102
2051 (base 10) to base 6
13255
45 (base 10) to base 7
63
a21 (base 16) to base 14
d33
Convert -364 (base 7) to base 8.
-301
Convert 1220211 (base 4) to base 14.
2621
-246655 (base 7) to base 15
-d7aa
Convert 3454 (base 9) to base 3.
10111211
-211020011 (base 3) to base 7
-65146
Convert 871 (base 11) to base 16.
416
Convert 10431 (base 10) to base 16.
28bf
153223 (base 6) to base 15
4696
Convert 5c96 (base 16) to base 13.
aa33
-200652 (base 7) to base 14
-c529
-117620 (base 8) to base 5
-2301343
Convert 10222 (base 3) to base 4.
1223
What is -1125 (base 7) in base 9?
-506
What is -33645 (base 13) in base 15?
-1c9d0
Convert -3012 (base 5) to base 13.
-235
-13aa (base 14) to base 5
-102412
Convert -1172 (base 11) to base 6.
-11031
Convert 101110001111 (base 2) to base 14.
1115
Convert 101021202 (base 3) to base 15.
234e
aa8 (base 11) to base 13
7b2
Convert f82 (base 16) to base 9.
5401
222322 (base 4) to base 8
5272
Convert -1590 (base 13) to base 12.
-19b3
What is -d09 (base 14) in base 12?
-1591
-1ab (base 15) to base 16
-182
1107 (base 11) to base 5
21314
Convert -580 (base 12) to base 2.
-1100110000
44b1 (base 13) to base 9
14155
What is -3242 (base 5) in base 12?
-313
Convert -455344 (base 6) to base 15.
-b76a
Convert 1001100101000 (base 2) to base 4.
1030220
Convert -401420 (base 5) to base 14.
-48d9
What is -113440 (base 6) in base 10?
-9888
Convert 229b (base 14) to base 2.
1011110000001
What is 2842 (base 9) in base 10?
2144
Convert -21617 (base 10) to base 4.
-11101301
-10101001011010 (base 2) to base 13
-4c20
What is 251 (base 15) in base 2?
1000001110
3302 (base 4) to base 13
158
149 (base 12) to base 9
243
Convert 286 (base 11) to base 13.
1cb
What is -11100110 (base 2) in base 5?
-1410
What is -1053 (base 6) in base 2?
-11111001
What is 20202101 (base 3) in base 11?
3777
25b (base 12) to base 11
2a7
203344 (base 6) to base 9
24361
What is 22616 (base 7) in base 6?
42455
Convert 5041 (base 7) to base 15.
7b4
-1513 (base 6) to base 12
-299
What is -73341 (base 8) in base 15?
-903d
Convert 1a090 (base 12) to base 10.
38124
22002010 (base 3) to base 8
13401
13574 (base 13) to base 7
210140
What is a62 (base 15) in base 16?
926
What is 458 (base 10) in base 7?
1223
What is 1102002 (base 4) in base 5?
132000
What is 132241 (base 6) in base 7?
50356
-16a6 (base 13) to base 15
-ed2
Convert 351 (base 13) to base 4.
20331
100001111 (base 3) to base 13
300a
What is 3021 (base 12) in base 6?
40041
Convert 3866 (base 14) to base 11.
7481
Convert 1101000100101 (base 2) to base 10.
6693
-10ab (base 15) to base 7
-13211
Convert -dd1 (base 14) to base 15.
-c21
104656 (base 7) to base 15
5744
-599 (base 13) to base 10
-971
Convert 104204 (base 5) to base 9.
5037
2c5 (base 14) to base 2
1000110101
Convert -43607 (base 8) to base 6.
-220435
-c1ee (base 16) to base 8
-140756
What is 111111111 (base 2) in base 12?
367
What is -10aaa (base 12) in base 5?
-1203211
Convert 2c46 (base 13) to base 4.
1211100
-10031210 (base 4) to base 7
-101204
1000001110100 (base 2) to base 6
31300
What is 31bb (base 16) in base 8?
30673
-1013000 (base 4) to base 3
-20020022
-1753 (base 9) to base 2
-10101000000
Convert 50243 (base 8) to base 13.
951c
What is -389 (base 11) in base 7?
-1225
-11404 (base 10) to base 13
-5263
Convert -13120321 (base 4) to base 2.
-111011000111001
35a8 (base 14) to base 8
22220
-1202200 (base 3) to base 13
-780
Convert 7cb (base 13) to base 10.
1350
19a (base 13) to base 3
101222
What is -814 (base 9) in base 7?
-1633
What is -200 (base 11) in base 15?
-112
Convert 1550 (base 13) to base 6.
22215
What is 1011000000001 (base 2) in base 4?
1120001
-1139 (base 16) to base 3
-20001022
-1100101110 (base 2) to base 15
-394
-6145 (base 12) to base 5
-314230
Convert 671 (base 9) to base 16.
226
15541 (base 6) to base 15
b71
What is 5080 (base 13) in base 9?
16181
What is 5308 (base 10) in base 14?
1d12
Convert -43434 (base 7) to base 8.
-25146
21000102 (base 3) to base 16
13fa
-8895 (base 10) to base 11
-6757
365 (base 13) to base 16
24e
-31768 (base 10) to base 16
-7c18
What is -10200 (base 4) in base 16?
-120
Convert 7441 (base 11) to base 14.
3834
-10313 (base 4) to base 9
-375
Convert -3b05 (base 16) to base 14.
-5713
What is -1530 (base 6) in base 12?
-2a6
21d7 (base 15) to base 4
1300021
Convert -64022 (base 8) to base 7.
-140450
What is 111101110 (base 2) in base 15?
22e
What is 663 (base 13) in base 14?
583
What is -140421 (base 5) in base 11?
-4345
Convert -ca (base 16) to base 13.
-127
-433 (base 6) to base 10
-165
What is -206 (base 12) in base 7?
-600
3761 (base 12) to base 2
1100001111001
215025 (base 6) to base 4
10120121
-35132 (base 6) to base 10
-5024
Convert 13220 (base 5) to base 16.
424
What is 13a73 (base 12) in base 11?
19692
-1142 (base 9) to base 8
-1520
-10000001111000001 (base 2) to base 4
-100033001
3345 (base 11) to base 9
6034
-805 (base 13) to base 6
-10141
What is 2364 (base 8) in base 11?
a53
Convert -272a (base 13) to base 5.
-134423
Convert 1231 (base 6) to base 15.
157
3515 (base 6) to base 14
43d
What is -246a (base 15) in base 12?
-459a
What is 2570 (base 15) in base 8?
17454
Convert -14a (base 15) to base 11.
-249
What is -313221 (base 5) in base 4?
-2203010
What is 3c (base 13) in base 12?
43
163 (base 7) to base 5
334